uppose 2*v - 2*s = -418, -3*v = 3*s + 596 + 43. Let m = r + v. Is m a composite number?
False
Suppose z + 47 = -5*h, -5*h + 0*z - 49 = 2*z. Is 3049/9 - 2/h composite?
True
Let u(a) = -a**3 - 5*a**2 - 8*a + 12. Let w be u(-8). Suppose -1327 = -5*n + w. Is n a composite number?
True
Let l(a) = 9*a**2 - 22*a + 81. Is l(-14) prime?
True
Let b = 33907 + -22310. Is b composite?
False
Let q = -148 - -272. Let v = q + 273. Is v a prime number?
True
Let k = -1283 + 840. Let t = k - -772. Is t a composite number?
True
Is (235168/(-160))/(2/(-20)) a prime number?
False
Let c(u) = u**3 + 17*u**2 - 19*u - 10. Let y be c(-18). Let v(b) = 2*b**3 - 2*b**2 - 21*b + 11. Is v(y) prime?
True
Suppose -a = -2 - 4. Let k(f) = -2*f**3 + 3*f**2 + f + 8. Let s be k(a). Let w = s - -453. Is w prime?
False
Suppose 0 = 2*v + 6, -5*l + 2*l = -v - 654. Let o = l + -132. Is o a composite number?
True
Let y = -7 - -11. Suppose -y*j = -3*j - q - 168, j - 5*q = 188. Is j composite?
False
Suppose 3*a + 517 = 2*a. Let z = a - -1058. Is z prime?
True
Let m(n) = -n**3 - 10*n**2 + n + 14. Let g be m(-10). Suppose 5*p + 164 = 3*f, 5*f + 5*p = g*p + 292. Is f a prime number?
False
Let c(j) = -5*j + 4. Let y be c(-3). Let q = 147 - y. Suppose 0 = 2*k - 658 + q. Is k composite?
True
Suppose -13*m = -10*m - 12. Let i(z) = 2*z**2 - 4*z - 6. Let f be i(m). Suppose -4*a + f*a = 2190. Is a composite?
True
Let g(v) = 351*v**3 - 2*v**2 - v. Let s be g(2). Suppose -2*p - 4 = -s. Is p a prime number?
False
Suppose 2*y - 10778 = 4*g, -12*y + 5377 = -11*y + 2*g. Is y a prime number?
False
Let z = -1 - -4. Suppose 0 = 4*f - 1 - z. Suppose 2*y + f = 21. Is y composite?
True
Suppose -z = -0*z - 285. Let f be 1 + -5 + 0 + 7. Suppose 0 = -0*k + f*k - z. Is k a prime number?
False
Let v(j) = -20*j**3 + 5*j**2 - j + 3. Let c be v(-4). Suppose 2*a - 2714 = 4*s, -a + 3*s - c = -2*a. Is a composite?
False
Let o be 1/(-2)*(-20 - -1538). Let j = -292 - o. Is j composite?
False
Suppose 28*p = j + 24*p - 11363, -4*p = 2*j - 22774. Is j a prime number?
False
Let n = 5203 - -4363. Is n a prime number?
False
Let d(l) = 2 + l**3 + 4*l**2 + 2*l + 0 + 2. Let k be d(-3). Is 1626/21 - 3/k a composite number?
True
Let k = -8626 - -17529. Is k a composite number?
True
Let p be (-39)/(-8) - 6/(-48). Suppose -p*h = -l + 2*l - 5, 2*l + 2*h - 2 = 0. Suppose -4*x + 179 = x - 2*j, l = 3*x + 4*j - 97. Is x composite?
True
Let c(z) be the first derivative of -z**3/2 - 11*z**2/2 - 4*z + 5. Let s(g) be the first derivative of c(g). Is s(-10) a composite number?
False
Let o = 621 + -326. Is o a composite number?
True
Let h(f) = -f**2 - f + 4. Let t be h(-2). Suppose -3*y = -t*p - 0*p - 6, 0 = 4*p + y + 26. Let l(w) = -w**3 - 5*w**2 - 8*w - 5. Is l(p) a composite number?
False
Suppose 11*l - 16*l = -2445. Suppose 5*t + 251 = -l. Is -2 - (1 + 0) - t composite?
True
Let x = 41 - 38. Suppose -2*i = -i - 3*m - 50, -x*m = 15. Let v = i + 114. Is v prime?
True
Suppose -5*s + 0*s + 3*x + 13 = 0, -4 = -s + 2*x. Let l = -84 + 227. Suppose c - l = -s*j, 0*c - j = 2*c - 280. Is c a prime number?
True
Suppose 0 = x + 4 + 1, -4*n - 3*x + 865 = 0. Suppose -3*j = 195 - 573. Let g = n - j. Is g a prime number?
False
Let k(u) = u**3 + 14*u**2 + 13*u - 11. Let g = -32 + 22. Is k(g) a prime number?
False
Let y(r) = 2928*r**2 - 6*r + 1. Is y(-3) a composite number?
False
Let t(c) = c**3 - 6*c**2 + 5*c - 8. Suppose -3*k - 8 = -4*k. Let i be t(k). Suppose 5*f + 5*z - 140 = 0, 4*f + f - i = -z. Is f a composite number?
True
Suppose 3*x = -12, -12*a + 4*a - 5*x = -481412. Is a composite?
True
Let l(d) = -871*d**3 - 4*d**2 - 8*d + 8. Is l(-3) prime?
False
Let b(z) = -15*z - 16. Let c be b(8). Let d = c - -314. Is d composite?
True
Let r = -16 + 18. Suppose 0 = r*c - 6*c. Suppose p + 2*m + 0*m - 113 = c, 0 = -5*m. Is p prime?
True
Is (-10605 - 34)*(2 + -3) prime?
True
Suppose 2*l = -k - 1, 0*k + k = 3*l + 24. Let v be 1 + -4 - -2 - k. Is 60/(-24)*24/v prime?
False
Suppose m = -n + 640, -4*m = -2*n - 3955 + 1419. Suppose t + m = 5*t. Is t prime?
False
Let u be 2 + -5 - (-6)/2. Suppose u = 3*g + 4*d - 21, 2*d + 10 - 4 = 4*g. Suppose g*b + 23 = 98. Is b a composite number?
True
Let i(c) = -c - 24. Let p be i(-11). Let d(g) = -g**3 - 4*g**2 + 32*g + 18. Is d(p) a composite number?
False
Let w be 6/(-21) - (-16)/7. Suppose -y - w*v = -335, 0 = -4*y - v + 3*v + 1370. Suppose 4*m + 3*l - 125 = y, -l = 4*m - 462. Is m composite?
True
Suppose 9*j - 12*j + 366 = 0. Suppose 4*t - 1626 = -j. Let y = t + -165. Is y composite?
False
Let o(h) be the second derivative of -h**5/20 - h**4/2 + 3*h**2 - 3*h. Let i be o(-6). Suppose i*s - 2*j = 3*s + 257, -s + 95 = 4*j. Is s a composite number?
True
Let x be -23 + (11/33 - (-16)/6). Is (-3 - (-9175)/x)*-4 composite?
False
Suppose 0 = -0*r + 15*r - 15465. Is r a prime number?
True
Let b(p) = 1. Let t(v) = 374*v**2 - v + 6. Let h(j) = -6*b(j) + t(j). Is h(1) a composite number?
False
Suppose -42*s - 3977 = -43*s. Is s composite?
True
Suppose 5*b - 82 = 13. Let t = 21 - b. Is ((-43)/t)/((-6)/12) composite?
False
Suppose -2*v - 29974 = 36950. Is v/(-45) + 9/(-15) prime?
True
Let y(h) = -75*h**3 - 9*h**2 - 12*h - 5. Is y(-4) a composite number?
True
Suppose 0 = 2*s + 2*w - 3662, 3074 = 4*s - 3*w - 4285. Suppose -2*p + s + 1534 = 0. Is p composite?
True
Let b be 10 - ((-57)/95)/((-2)/10). Is (2052 + 1 + 2)*b/21 prime?
False
Let c(t) = 5*t + 2049. Let o(f) = f - 1. Let q(y) = c(y) - 2*o(y). Suppose 0*g - 2*g + 4 = 4*h, 2 = 2*h. Is q(g) a composite number?
True
Let z be 26/6 + ((-8)/(-6))/(-1). Is z + ((-10)/(-5) - -2328) prime?
True
Let r(a) = -2 + 12*a**2 - a**3 - 33*a**2 - a + 10*a**2. Let s be r(-11). Let u(d) = 16*d**2 - 12*d + 7. Is u(s) composite?
True
Let i be (-4*393/2)/((-6)/8). Let c = i - 731. Is c composite?
False
Let w be 26/5 - (1 + 12/(-15)). Suppose w*t + 1408 = 2*d, -4*t - 1083 + 373 = -d. Is d prime?
False
Suppose 0 = -h - 2*h - 30. Let x(u) = -159*u**2 + 1. Let y be x(-2). Is h/(-35) + y/(-7) composite?
True
Let p(m) be the second derivative of 2*m**3 + 3*m**2/2 + m. Let z be 12/(-12) + 8/(2 - 0). Is p(z) prime?
False
Suppose -5*g + 2*l - l = -97, 5*g = 2*l + 94. Suppose 4*h + g = -h. Is (31/h)/(7/(-28)) a composite number?
False
Suppose -14*b - 4442 = -172596. Is b a composite number?
False
Let d be (-10)/4*(-16)/(-10). Let j(t) = -6*t**3 - 6*t**2 - 2*t - 3. Is j(d) prime?
True
Suppose 0 = 5*o + 2*z - 60, -3*o + 0 = -4*z - 10. Suppose 8*d = o*d. Suppose d = -0*n + 2*n - 74. Is n prime?
True
Is ((-3)/(-6))/((-3)/(-6906)) a prime number?
True
Let y(r) = 4*r - 41. Let s be y(13). Suppose -s*m + 71 = -72. Is m a composite number?
False
Let r(z) = -z**2 - 5*z - 3. Let t be r(-4). Let a be (89 - -4) + t*-2. Suppose 2*s - 6*s = -5*j - 301, s + 4*j - a = 0. Is s composite?
False
Let p = 51 - 49. Let n(v) = 163*v**2 - 3. Is n(p) composite?
True
Let a = 19 - 16. Suppose -3*b + 2*b + f = -714, 2*b = a*f + 1423. Is b prime?
True
Let p(m) = -17 - 23*m + 27 - 27 - 29. Is p(-19) prime?
False
Let j(l) = l. Let z(u) = 2*u**2 - 2*u - 2. Let y be z(2). Let r be j(y). Is (-87)/(-1*(r - 1)) prime?
False
Suppose 89*k = 120*k - 281077. Is k prime?
True
Let a = -1260 + 6169. Is a composite?
False
Let d(z) = -z**3 - 5*z**2 - 6*z - 2. Let q be d(-2). Is ((-110)/(-10))/(q/(-298)) a prime number?
False
Suppose i = 4*z + 725, -i + 3*i + 2*z = 1400. Suppose i = -60*x + 65*x. Is x composite?
True
Suppose -3*o - p = -2*o - 511, 0 = 5*p + 20. Suppose -o = -10*v + 375. Is v prime?
True
Let c(a) = 6*a**2 - 36*a + 67. Is c(-29) a prime number?
False
Let l(d) = d**2 - 19*d + 23. Let z be l(17). Is 451/1 + (z - -11) a composite number?
True
Let f be 4/(48/(-26811))*-4. Let m = -4898 + f. Is m a composite number?
True
Suppose -5*a = 3*i - 21, 7 - 14 = 4*i - 5*a. Suppose 4*v = o - 166, -i*o - 3*o - v = -788. Is o a prime number?
False
Let w be ((-10)/(-3))/(6/9). Let l(b) = -b + 1. Let s(c) = -46*c**2 + 5*c + 2. Let a(v) = 6*l(v) - s(v). Is a(w) prime?
False
Suppose 0 = -4*v - 0*v. Suppose 0 = -0*f - 4*f + 7736. Suppose -2*x = -v*x - f. Is x composite?
False
Let l be (2/(-6))/((-1)/9). Let x = l - 3. Let t(g) = -g + 33. Is t(x) a prime number?
False
Is (-28)/56*(3129/(-3) + 1) composite?
False
Let k be 4 + -2 + 0/(-2). Suppose 0 = -4*j - 3*b + 2261, 